2*z(i). Give a(v).
2
Let x(s) = -2*s - 6. Suppose -58*n = -57*n + 5. Calculate x(n).
4
Let o(f) be the first derivative of -f**4/4 + f**3 + f**2/2 + f - 18. Let b = 6 - 3. What is o(b)?
4
Let s(h) = -8*h - 1. Let m be (-3)/4 - (-66)/24. Calculate s(m).
-17
Let d(o) be the third derivative of o**6/60 + o**5/60 - o**4/24 - o**3/6 + 7*o**2. Calculate d(-2).
-11
Let t = 40 + -38. Let z(g) be the second derivative of g**3/3 + g**2 + 2*g. Determine z(t).
6
Let l(b) = b**2 - 7*b + 4. Let s = 22 + -16. Determine l(s).
-2
Suppose 2*p + 10 = -2*k, -2*p + 18 = -k - k. Let u = -12 - k. Let b(w) = 0*w - 7 + 4*w**2 - 5*w - 3*w + w**3 + 0*w**2. What is b(u)?
8
Let m = -65 - -63. Let s(y) = -2*y**2 - 4*y - 2. Give s(m).
-2
Let z(o) = o**3 + o**2 - 5. Let l be -1 - -3 - (-2 + 3). Suppose 0 = v - l + 2. Let d be (-1)/2 - v/2. Give z(d).
-5
Suppose -4*x - 16 = 4*w, 0*w + x = 2*w + 14. Let t be (-14 - w)*2/(-4). Let d(i) = -5 + t - 3*i + 2*i. Calculate d(2).
-3
Let u(f) = 10*f**2 - 5*f + 4*f - 1 + 2. Let v(h) = -h**3 + h**2 + 3*h + 2. Let p be v(-1). Determine u(p).
10
Let j(h) = h - 4. Let z(q) = 2*q - 8. Suppose -4*p = p - 5, -25 = 4*w - 5*p. Let r(f) = w*j(f) + 3*z(f). What is r(0)?
-4
Let v be (-1)/(-9)*3*-9. Let r(a) = 4*a - 2. Give r(v).
-14
Let i(t) = -t - 13. Let k be 300/(-44) - 4/22. Give i(k).
-6
Let z(v) = 3*v. Let i(o) = -1. Let b(f) = 6*i(f) + z(f). Let w be 42/8 + (-6)/(-8). What is b(w)?
12
Let z = -3 - -6. Let m = z + -9. Let c(t) be the third derivative of -t**5/60 - t**4/4 - 2*t**2. Give c(m).
0
Let h be 24/(-9)*(-9)/(-6). Let u(f) = f**2 + 6*f + 6. Let v be u(-5). Let j(n) = -n - n + 3*n - v. Calculate j(h).
-5
Let d(o) = o**2 + 2*o + 1. Let k = -92 - -90. What is d(k)?
1
Let x be (6/(-9))/((-2)/24). Suppose 2*m - 2 = x. Let q(i) = 4*i - m*i - 2 + 0*i**2 + i**2. What is q(0)?
-2
Let f(h) be the first derivative of h**2/2 + 2*h + 1. What is f(-6)?
-4
Let g(f) = -5*f + 2*f + 4*f. What is g(-6)?
-6
Let x(f) = -f**2. Let y = 4 - -2. Let h(a) = -5*a**2 + 4*a + 2. Let i(o) = y*x(o) - h(o). What is i(-5)?
-7
Let i(d) be the third derivative of -d**5/60 - 7*d**4/24 - 7*d**3/6 + 4*d**2. Suppose 0*g - 15 = 3*g. Determine i(g).
3
Let k(v) = v**2 - 2*v + 2. Let n = 6 - 1. Let f(r) = -5*r**2 + 4 + 4*r**2 - 4*r - 6 + n. Let j be f(-4). Give k(j).
5
Let b(d) be the first derivative of d**4/4 - 5*d**3/3 - 7*d**2/2 + 4*d + 7. Calculate b(6).
-2
Suppose -5*j + 0 = 20. Let t(c) = c**2 + 2*c - 2. What is t(j)?
6
Let i(n) = -n + 1. Let d(s) = 2*s - 2. Let l(b) = 3*d(b) + 5*i(b). What is l(0)?
-1
Let i be 2/(-4) + (-1)/(-2). Let r be ((-1)/3)/(6/(-90)). Let z(a) = -r + 3*a**3 - 2*a**3 + 0. Give z(i).
-5
Let h(b) = 2*b**2 - 6*b + 2. Suppose 12 = -0*x + 3*x. Let v be h(x). Let t be 5/(v/(-4)) - 3. Let n(p) = p**2 + 3*p - 7. Give n(t).
3
Let c be 15/5 - ((-3)/3 + 2). Let l(f) = 4*f. What is l(c)?
8
Suppose 0*s = -7*s - 21. Let j(v) = -v**2 - 3*v - 3. Determine j(s).
-3
Let k(z) be the second derivative of z**5/20 + 5*z**4/12 + 2*z**3/3 - 3*z**2/2 - 7*z. Determine k(-4).
-3
Let b(t) = t**2 + 4. Let y(n) = n**2 + 5. Let f(m) = -5*b(m) + 4*y(m). Let u(a) = -2*a**2 - a - 7. Let r(v) = -f(v) + u(v). Give r(0).
-7
Let k(q) = -4*q**2 - q + 2*q**2 + 1 + 3*q**3 - q**2 - 4*q**3. Let l be k(-2). Let d(u) = -6*u**3 - u**2 - u - 1. Determine d(l).
5
Let f(x) be the first derivative of -5/2*x**2 - 1 - 1/3*x**3 + 3*x. Give f(-3).
9
Let t(k) = -k**3 - 6*k**2 - 3*k + 1. Let z = 98 + -104. Calculate t(z).
19
Let w(c) = -c + 1. Let t(n) = -2*n + 3. Let m(g) = 4*t(g) - 7*w(g). Determine m(5).
0
Let r(p) = -3*p**2 + 9. Let i(k) = 0 - 2*k**2 - 5 + 3*k**2. Let w(f) = 5*i(f) + 2*r(f). Let l(y) = -y + 3. Let j be l(3). What is w(j)?
-7
Suppose 4*j - a + 3 - 10 = 0, -a = -5. Let q(g) be the first derivative of g**3/3 - 2*g**2 - g + 14. Calculate q(j).
-4
Let s(r) = 2*r. Let j = -30 - -26. Calculate s(j).
-8
Let q be (-38)/(-14) - (-4)/14. Let j(r) = -14*r**2 - 10*r**2 + 23*r**2 - 5*r + 4 + r**3. Calculate j(q).
7
Let s(k) = -7 - 2*k + 6*k + 2*k - 5*k. What is s(5)?
-2
Let q(s) = 6*s + 2. Let p = -7 - -9. Determine q(p).
14
Let n(l) be the third derivative of -l**4/12 - l**3/6 + l**2. Suppose 0 = d - 7 - 1. Let g be 2*-1*(-4)/d. Calculate n(g).
-3
Let j(x) = x**2 + x. Let y(d) = 6*d**2 + 12*d + 3. Let n(u) = 5*j(u) - y(u). Determine n(-6).
3
Let u(d) = -2*d - 3. Suppose 0 = -7*g + 20 - 34. What is u(g)?
1
Suppose -17 = -4*t + 15. Let q be (-6)/(-9) + t/(-3). Let w(v) = -4 + 0*v + 5 + 4*v. What is w(q)?
-7
Let o(a) = -3*a + 1. Let p be (-8)/(-10) - (-24)/20. Calculate o(p).
-5
Let j(z) = z**3 - 5*z**2 + 2*z - 5. Let t = 23 + -18. Determine j(t).
5
Suppose 2*t - 18 = -t. Let d be (t - 1)/(2/2). Let g(m) = -d - 2*m + 3*m**3 + 3 - 2*m**3 + 2*m**2. Calculate g(-3).
-5
Let s be 1*((-1 - 1) + -2). Let d(k) = 2*k**2 + 4*k - 4. What is d(s)?
12
Let t(g) = -2*g**3 - 4*g**2 - 3*g - 2. Let i be t(-2). Suppose -6 + 22 = -i*z + 4*l, 3*l = 2*z + 6. Let b(d) = d**2 + 8*d + 7. What is b(z)?
-5
Let a(o) = -4*o - 9. Let b be 56/(-10) - (-10)/(-25). Give a(b).
15
Let o(d) = -4*d**2 - 1 + 6*d**2 + 2*d**3 + 3 - 3*d**3 + 5*d. Determine o(4).
-10
Let j(i) = -8*i + 3. Let w(l) = l. Let x(g) = -j(g) - 4*w(g). Let z(u) = 3*u - 4. Let d = -2 - 3. Let k(c) = d*z(c) + 4*x(c). Calculate k(0).
8
Let g(h) = h**3 - 4*h**2 - 3*h + 2. Let u be 180/16 - 1/4. Suppose 3*n + u = 2*t, -4*t - n + 15 = -0*n. Determine g(t).
-10
Let s(r) = -7*r**2 + 2*r - 7. Let t(j) = -6*j**2 + 2*j - 6. Let v(h) = -5*s(h) + 6*t(h). Give v(4).
-9
Let o(x) = 4*x**2 - 3*x - 1. Let r be o(-2). Let d(n) = -7*n - 11*n - 9 + r*n. Give d(6).
9
Let o(v) be the third derivative of v**5/15 - v**4/12 - v**3/6 - 5*v**2. Calculate o(-1).
5
Let f(m) = m. Let g be f(-2). Let s(x) = 7*x + 6*x**2 - 2*x**2 - x**2 + 7. Let w(i) = -i**2 - 3*i - 3. Let a(z) = g*s(z) - 5*w(z). Give a(-2).
-5
Let w(f) = f**2 - f - 1. Let o(z) = -4*z**2 + 2*z + 3. Let c(i) = -o(i) - 5*w(i). Let n(h) = h**3 + 3*h**2 - 4*h + 5. Let d be n(-4). Give c(d).
-8
Suppose 0*f + 3*f = 12. Let z(c) be the first derivative of -c**4/12 + c**3/2 - 3*c**2 - 3. Let a(g) be the second derivative of z(g). Give a(f).
-5
Let z(h) be the second derivative of -10*h + 0 - 3/2*h**2 - 1/6*h**3. Let q = -5 + 8. Determine z(q).
-6
Let n(a) = -5*a - 3. Suppose -3*r + 7 - 28 = 0. Let b = 20 + -15. Let m = r + b. Calculate n(m).
7
Let i be (-3)/(-2)*18/27. Let w be 2/(-6) + 2/6. Let n(k) = 2*k + w*k - k. Calculate n(i).
1
Let x(a) be the second derivative of -a**5/20 + 2*a**4/3 - 7*a**3/6 + a**2/2 - 4*a. Let d(k) = k**3 - 7*k**2 + 6*k - 1. Let r(q) = 7*d(q) + 6*x(q). Give r(2).
3
Let k(a) = -6*a**3 + a. Suppose -b + 2 = -6. Let u be (b/2 - -1) + -2. Let p = 4 - u. What is k(p)?
-5
Let b = 178 - 181. Let d(w) = -3*w + 1. Calculate d(b).
10
Suppose 4*i = 8 + 16. Let t(p) = p**3 - i*p - 1 - 2*p**2 + 1 + 3. Calculate t(4).
11
Let x(p) be the first derivative of -p**4/4 + 2*p**3/3 + p**2 + 4*p + 11. Let j be 2*(-2 - (-21)/6). Calculate x(j).
1
Let h(f) be the second derivative of -f**4/6 - f**3/3 + f**2/2 - 15*f. Give h(1).
-3
Let t(d) = d**2 - 2*d - 2. Let u be t(4). Let v(f) be the second derivative of f**4/12 - 2*f**3/3 - 3*f. Determine v(u).
12
Let u(p) = -p**3 - 10 - 3*p**3 + 3*p**3. Let q = 27 + -39. Let a = 12 + q. What is u(a)?
-10
Let y(u) = u**3 - 5*u**2 - 5*u - 6. Let j be y(6). Suppose 5*m = -j + 5. Let f(x) = m + x - 1 + 4. Calculate f(-3).
1
Suppose 0*w = -3*q + w + 8, 3*q = -4*w + 28. Let v(z) = 2*z**3 - 3*z**2 + 4 - 3*z + 2*z - z**3 - 2*z. What is v(q)?
8
Let t = -7 - -9. Let u(q) = 11 - q - q**2 - 2 + q**3 + 2*q**t + 2. Calculate u(0).
11
Let d(q) = -q**3 + 2*q**2. Suppose 0 = 2*z - 13 + 5. Suppose 0 = -2*i + 5*i. Suppose i = z*l - 12. Determine d(l).
-9
Let z(w) = 0*w**3 + 40*w - 45*w - 3*w**2 + 6*w**3 - 3. Let s(v) = v**3 - v**2 - v - 1. Let k(d) = 5*s(d) - z(d). Calculate k(-3).
7
Suppose -1 = -j + 2*q, -3*j + 5 = -0*j - 4*q. Let y(c) = 2*c - c**j + 4*c - 2 + 4*c**2 + 0*c. Suppose -45 = -4*m + 2*h + 3*h, -5*m = -h - 30. Calculate y(m).
3
Suppose 4*m - 3*u + 9 = 0, u + 2*u = m. Let n(z) = z**2 + 4*z - 4. Determine n(m).
-7
Suppose 14*v - 8 = 13*v. Let x(o) = -o**3 + 9*o**2 - 5*o - 4. Calculate x(v).
20
Let u(a) be the third derivative of 0*a - 3*a**2 + 1/2*a**3 + 0 - 7/24*a**4 + 1/60*a**5. Give u(5).
-7
L